hat is the tens digit of k(i)?
2
What is the hundreds digit of ((-35)/10 + 4)*502?
2
Let v(o) = -10*o**3 + 3*o**2 + 2. Suppose 4*k + 28 = -0*x + 3*x, 4*k - 2*x = -24. Let z be v(k). What is the tens digit of 2/(-8) - z/(-40)?
1
Let p(r) = -r**3 - 24*r**2 + 139*r - 15. What is the units digit of p(-30)?
5
Suppose -3*l - 5*j + 13 = 0, -j + 5*j = -3*l + 17. Let a(q) = 68*q + l - 19 + 6. What is the units digit of a(1)?
6
Let o(t) = 2*t**3 - 3*t**2 - 4. Let d(x) = x**3 + 7*x**2 - x - 4. Let l be d(-7). Suppose m - l = -0. What is the units digit of o(m)?
3
Suppose -4*q - 848 = -n - 0*n, -3*n + 4*q = -2520. What is the units digit of n?
6
Let u(o) be the third derivative of -o**6/120 + 11*o**4/24 - 7*o**3/6 + 12*o**2. What is the hundreds digit of u(-6)?
1
Let o(l) = 31*l**2 - 4*l - 69. What is the units digit of o(10)?
1
Let y = 1 - -6. Let b(n) = -9*n + y + 4 - 13. What is the tens digit of b(-5)?
4
Suppose 5*w - 3*z = -106 + 725, w - 125 = z. What is the units digit of w?
2
Let l be 2/6 - 10/(-6). Suppose 2*v = 4*m + 10, 2*m + 0 = -v - 3. Suppose -p + l*p = v. What is the units digit of p?
1
Suppose -38*v + 16*v + 34980 = 0. What is the tens digit of v?
9
Let t be 0 + (-3)/6*-6. Suppose v = 2*a - 411, 2*a = 6*a - 3*v - 827. Suppose -t*n + a = 4*b, 2*b - 84 = 4*n + 12. What is the tens digit of b?
5
Suppose -3*z - 5*n - 16 = 0, -5 = 5*z + 3*n + n. Suppose z*h - 6 - 99 = 0. Suppose -5*v = -4*v - h. What is the units digit of v?
5
Let t = 4 + 2. Suppose 10 = l + l. Suppose -2*d + 4*h = -t*d + 216, -2*d + l*h + 122 = 0. What is the units digit of d?
6
Suppose -3*b = -9*l + 4*l - 11244, 5*l = 2*b - 7496. What is the hundreds digit of b?
7
Suppose -4*q + 8 + 3 = -3*z, -10 = 5*z - 5*q. Suppose -z*u + 37 = k, -3*u - 2*k = k - 27. Let f = u - -5. What is the units digit of f?
9
Let w be -3 + -4*(-4 + 3). Let h = w - -2. Suppose -4*p + 28 = 5*a, -5*a - h = -23. What is the units digit of p?
2
Let n(s) = 108*s + 10. Let r be n(3). Suppose -3*p - r = -5*p. What is the hundreds digit of p?
1
Let p(r) = 41*r**2 - 70*r + 23. What is the tens digit of p(-6)?
1
Suppose -8*r = 45 - 333. Suppose 9*u = 10*u - r. What is the tens digit of u?
3
What is the hundreds digit of -1 + -6 + 371 + -1?
3
Let g(r) be the first derivative of r**4/4 + 5*r**3/3 - 3*r**2/2 - 3*r + 1. Suppose -67 + 71 = -o. What is the tens digit of g(o)?
2
Suppose -44 - 188 = -4*q. Let z be 12/(-28) + 824/28. Let x = q - z. What is the units digit of x?
9
Let a(m) = m**2 - 9*m - 7. Let t be 26/3 + (-7)/(-21). Let q be a(t). What is the units digit of 0 - 0 - 322/q?
6
Suppose -2*x + 7*x - 40 = 2*n, 2*n + 2*x + 12 = 0. Let s(t) = -20*t - 45. What is the units digit of s(n)?
5
Suppose 4*c + m = 2*m + 280, 3*m - 350 = -5*c. What is the tens digit of (-7784)/c*(-10)/4?
7
Let x be -1*142*2/(-4). Let l be (x/3 + -1)*6. Suppose 2*b - 63 = -3*v, 4*b - l = 3*v + v. What is the units digit of b?
3
Suppose n - 51 = -3*v, 4*v - 49 = -2*n + n. Suppose -n = -2*l + 9. What is the units digit of l?
3
Let p be (2 + -1)/((-2)/18). Let f(i) = i**3 + 7*i**2 + 7*i - 14. Let g(q) = -q**2 - q - 1. Let u(d) = -f(d) + 3*g(d). What is the units digit of u(p)?
0
Let g(u) = -28*u - 56. What is the units digit of g(-18)?
8
Let l(g) = g**3 + 10*g**2 + 2. Let o be l(-10). Suppose -3*k - 290 = -5*f, o*f - 2 = 4*k + 100. What is the units digit of f?
1
Suppose -3*y - 12*y = 60. What is the units digit of ((-3)/3)/(y/(16/2))?
2
What is the thousands digit of 22630/14 + 1*48/(-112)?
1
Let h(t) = -2*t - 8 + 3*t + t. Suppose 15*d - 18 = 13*d. What is the tens digit of h(d)?
1
What is the tens digit of 272 + (1 + -3 - 5/(-5))?
7
Let p = 0 - -3. Suppose 5*d = 5*q + 4 - 49, p*q = 4*d + 35. What is the tens digit of -1 + (-172)/d*2?
4
Let k(q) = -2*q**3 + 2*q**2. Let h = 6 + -9. Let n be 1 + (-1 - -1) + h. What is the units digit of k(n)?
4
Let w(q) be the second derivative of q**5/120 + 17*q**4/24 - 5*q**3/3 - 7*q. Let m(p) be the second derivative of w(p). What is the tens digit of m(6)?
2
Suppose 5*k - 15 = 5*g - 0*g, 0 = 2*k - 4*g - 10. Let s be 0 + (-2)/k + 4. Suppose 5*d - 48 = s*d. What is the units digit of d?
6
Suppose 8*m + 4*a = 3*m + 6483, 4*a + 1311 = m. What is the units digit of m?
9
Let r(d) be the third derivative of d**4/12 + 13*d**3/3 - 13*d**2. What is the tens digit of r(20)?
6
What is the tens digit of ((-14)/(-4))/(4/712)?
2
Suppose 3*n = 2*n - 3*u + 4, 0 = 2*n - 4*u - 18. Suppose -n*m + 650 + 729 = 0. What is the units digit of m?
7
Suppose 0*n - 39455 = -13*n. What is the thousands digit of n?
3
Suppose 167 = -w + 605. What is the hundreds digit of w?
4
Let f(m) = m**3 - 13*m**2 + 3*m - 34. What is the tens digit of f(14)?
0
Suppose 5*c = -0*c + 25. Suppose -c*y + 13 = -2. Suppose 3*q + 3*u = 63, y*q - 79 = -0*q + 5*u. What is the tens digit of q?
2
Let z = 23 + -7. Suppose -4*s - c = -0*c - z, -12 = -3*s - 5*c. What is the units digit of s?
4
Let r = 64 - 28. Let n = 56 + r. What is the units digit of n?
2
Let w(z) = -17*z**3 + z**2 - z - 2. What is the units digit of w(-2)?
0
Let h(q) = 10*q + 2. Let w be h(-2). Suppose -4*n + 186 - 78 = 0. What is the tens digit of 154/6 + w/n?
2
Suppose 4*j - 1001 = -5*r, -478 = -2*j + 2*r - 0*r. Suppose 0*a - 4*a + j = 0. What is the tens digit of a?
6
Let s(k) = -k**3 + 16*k**2 + 17*k - 43. What is the hundreds digit of s(-10)?
3
Let n(d) = d**2 + 38*d - 1. What is the hundreds digit of n(12)?
5
Let r(v) = -v + 8. Let x be r(3). Suppose 5*p - 575 = -5*l, 673 = x*l + 4*p + 103. Suppose -12 = -2*s + l. What is the tens digit of s?
6
Let c = -38 - 22. What is the tens digit of ((-4)/(-4))/(-2*2/c)?
1
Let a(o) = o**2 + 13*o + 15. Let n be a(-12). Suppose 2*v - n = 161. What is the tens digit of v?
8
Suppose 0 = 2*p + 2*t - 1060, -4*t + 530 = 3*p - 1063. What is the units digit of p?
7
Suppose -10*k - 5*d - 2425 = -15*k, -3*k = d - 1475. What is the hundreds digit of k?
4
Let k = 47 - 46. What is the units digit of 7*(1/k)/(1/4)?
8
Let d = 916 - 534. What is the tens digit of d?
8
Let q(t) = 9*t - 17. Let u be q(6). What is the tens digit of u + -1 + -2 + 0?
3
Let i be (0 - -3) + 4/4. Suppose -i*t + 29 = -59. What is the tens digit of t?
2
What is the tens digit of 2*2316/8 - 2?
7
Suppose -z + 210 + 387 = 0. What is the units digit of z?
7
What is the tens digit of ((-10)/4)/((-7)/5740)?
5
Suppose 0 = 3*w + 3*s - 15, 0*w + 2*w - 2*s + 2 = 0. Let v(j) = -j**w + 0*j + 4*j - j**3 - 2*j + 61 - j. What is the units digit of v(0)?
1
What is the units digit of 616/1 - (-11 - -8)?
9
Let x = -36 - -63. Suppose -5 - x = -u. What is the tens digit of u?
3
Suppose 78*l = 74*l + 13236. What is the units digit of l?
9
Suppose 0 = -168*p + 174*p - 4164. What is the units digit of p?
4
Let o(d) = 21*d - 9 + 23*d - 45*d. Let x be o(-9). Suppose 2*p - 46 = -3*y, 46 = -x*p + 2*p - 4*y. What is the tens digit of p?
2
Let m(y) = -y**3 + 5*y**2 + 8*y - 1. Let t = 28 + -22. What is the units digit of m(t)?
1
Let y(v) = v**3 + 10*v**2 + 6*v - 10. Suppose 2*c + 13 = 2*x - c, 4*x - 2*c - 22 = 0. Suppose x*d = -39 - 6. What is the tens digit of y(d)?
1
Let o(r) = -7*r**2 + 3*r + 1. Let g be o(-3). Let f = g + 99. What is the units digit of f?
8
What is the tens digit of (-98)/((-2)/36*6)?
9
What is the thousands digit of (-4361356)/(-1246) + 2/(-7)?
3
What is the tens digit of (-13 + 1)*4437/(-68)?
8
Let k(u) = -3*u**2 - 8*u. Let s(o) = -2*o**2 - 7*o. Let y(q) = -4*k(q) + 5*s(q). Let i be y(2). What is the units digit of (16 + -7)*10/i?
5
Let f be -1 - (-4)/(-2) - (10 + -10). What is the units digit of (-5 - -2)*(40/f + -2)?
6
Let w(m) = 228*m - 301. What is the units digit of w(8)?
3
Let z(b) = 211*b**2 - 7*b + 1. What is the tens digit of z(2)?
3
Suppose -6*t + 3379 - 481 = 0. What is the hundreds digit of t?
4
Suppose 2*d = u + 2590, u = 3*d - 4*d + 1298. What is the hundreds digit of d?
2
Let o = -8 - -12. Suppose 0 = o*a - 2*h - 802, -3 = -2*h - 1. What is the tens digit of a?
0
Suppose 0*v = -a + v + 1031, 0 = -4*a + 2*v + 4118. What is the thousands digit of a?
1
Let v(n) = -n**2 + 5*n + 101. Let l be v(8). Suppose -g - 2*b - 114 = g, -2*g = -b + 105. Let d = g + l. What is the tens digit of d?
2
Suppose 3*r + u + u = 788, 0 = -5*r + 4*u + 1350. What is the hundreds digit of r?
2
Suppose -g = -